- z = a*t. Determine y(t).
-5
Let f(m) be the third derivative of m**5/60 + m**4/4 - 3*m**3/2 - 11*m**2. Let g(o) = 2 + 1 + 2*o - o + 0. Let q be g(-10). Give f(q).
-2
Let i(g) = 2*g - 34. Let r be i(20). Let d(l) = l - 10. Give d(r).
-4
Let c(m) = -4*m - 6. Let w(r) = -r**2 + 24*r + 129. Let f be w(29). Give c(f).
58
Let y(t) = -7*t**2 - 9 + 7 + 6*t**2 - 4*t - t**2. What is y(-4)?
-18
Let y = 21 - -34. Let q = y - 60. Let r(l) = l**2 + 5*l - 1. Determine r(q).
-1
Let f(r) = -2*r. Let w(l) = 7*l - 2. Let u be w(-4). Let q = u - -29. Determine f(q).
2
Suppose 0 = -3*c - 8 - 7. Let n = 0 - c. Let k(r) = -2*r**2 + 5*r - 21. Let t(v) = -v**2 + 3*v - 10. Let q(f) = 3*k(f) - 7*t(f). Calculate q(n).
2
Let o be (9/2)/(-9)*(-4 - 0). Let g(h) = -17*h**2 - 21*h**2 + 39*h**2 - 2 + 2*h - 2*h**3. Calculate g(o).
-10
Let y(o) = o**2 + 12*o - 15. Let j(w) = w**2 + 19*w + 35. Let c be j(-16). What is y(c)?
-2
Let m(x) = -19*x**2 + 4*x - 20. Let c(b) = 33*b**2 - 9*b + 40. Let z(y) = -4*c(y) - 7*m(y). Calculate z(-9).
-11
Let a(m) = 2 - 4 - 7*m - 1 + 0 + 8*m. Calculate a(7).
4
Let r(w) = w - 1. Let o(x) = -3*x - 9. Suppose g - 3*h = 5*g - 5, 0 = -4*g + 5*h - 19. Let d(u) = g*o(u) - 2*r(u). Let t = -8 - -2. Calculate d(t).
5
Let j(x) = x**2 - 12*x - 16. Let q be j(-5). Let k = 75 - q. Let f(v) = v**3 - 5*v**2 - 6*v - 5. Give f(k).
-5
Let k(n) = -n + 12. Suppose 2*b - 3 = -5, 5*c - 92 = -3*b. Suppose 2 = 3*o - 5*d - c, 0 = -5*o + 3*d + 35. Determine k(o).
5
Let t(u) = 15*u**2 - 4*u - 17. Let l(i) = -13*i**2 + 4*i + 15. Let s(h) = -7*l(h) - 6*t(h). Calculate s(5).
2
Let y(s) = 3*s - 28. Let m(z) = -7*z + 62. Let h(g) = -2*m(g) - 5*y(g). Give h(8).
8
Let f(d) = d**2 + 2*d + 2. Let x be f(-2). Let t be 5/((-30)/(-21))*x. Let y(i) = 2*i - 8. Let r(v) = v - 4. Let p(a) = -5*r(a) + 2*y(a). Calculate p(t).
-3
Let o(m) = -5*m + 9*m - 5*m + 7 + 7. Let w = -295 + 295. Calculate o(w).
14
Let b(p) = -5*p**3 + 5*p**2 - p + 1. Let t be b(3). Let o = t + 87. Let z(i) = -i**3 - 6*i**2 - 7*i - 6. Calculate z(o).
4
Let d(k) be the first derivative of -k**4/4 + 4*k**3/3 + k**2/2 - 6*k - 301. Suppose v - 4*v = -15. Give d(v).
-26
Let r = 12 - 12. Suppose 0 = t - 5*q + 2*q - 1, 5*t + 4*q + 14 = r. Let m be (-10)/((t + 3)*2). Let f(z) = -z**3 - 7*z**2 - 6*z + 6. Give f(m).
-14
Let v(s) = -3*s**2 - 1. Let m(l) = -13*l - 559. Let g be m(-43). Give v(g).
-1
Let t(k) = k + 2. Let s = 234 + -229. What is t(s)?
7
Let p(y) = -5*y - 20*y**2 + y + 19*y**2 - 3*y + 3*y + 10. What is p(-6)?
-2
Suppose 0 = -4*l - 3*x + 5*x + 42, 3*l - 4*x - 44 = 0. Let t(h) = -h + 6. What is t(l)?
-2
Suppose -9*p - 38 = -4*p + k, 2*p + 23 = -3*k. Let n(l) = l**2 + 12*l - 4. Determine n(p).
-39
Let j(c) = -c**3 + 7*c**2 - 7*c + 7. Let q(m) = -m + 1. Suppose 3*b = -5*u - 15, 4*u - 1 = -b - 6. Let n be q(b). What is j(n)?
1
Let y(l) = -l + 5*l**2 - 7 + 9 + l - l**3. Let z be y(5). Let f(n) = -2*n - 6 + 3*n + 7 + 7*n**z. Determine f(-1).
7
Let g be 0 - (3 + -8 + -1). Let d(l) be the second derivative of 0 - 2*l + 5/2*l**2 - 1/12*l**4 + l**3. Give d(g).
5
Let k(m) be the third derivative of m**6/120 - 3*m**5/20 - m**4/24 + 4*m**3/3 + 7*m**2. Let q = -33 + 42. What is k(q)?
-1
Let y be 6 - 90/(-120)*(-44)/6. Let j(c) be the third derivative of -1/3*c**4 + 0 + y*c**3 + 0*c + 2*c**2 - 1/60*c**5. Determine j(-6).
15
Let z(q) be the second derivative of -11*q**5/20 + q**4/12 - 2*q + 20. Calculate z(-1).
12
Let l(o) = 3*o**3 - 5*o**2 - 35*o - 17. Let v(c) = 5*c**3 - 13*c**2 - 69*c - 33. Let h(u) = 7*l(u) - 4*v(u). What is h(-15)?
-2
Suppose 61 = -32*x - 35. Let j(c) = -c**3 + 10*c + 2. Determine j(x).
-1
Suppose -4*b - 8 = -4*p, 4*p + 0 = -5*b - 1. Suppose 0 = -0*t - t + 4*d + 12, -4*t + 4*d + 12 = 0. Let x(u) = -8*u + 0*u - 5*u + t*u + 1. Determine x(p).
-12
Let t(i) = -3*i - 3. Let m(b) = b + 2. Let o(u) = -u**3 - 10*u**2 + u + 12. Let r be o(-10). Let s be r/(-8) - (-184)/(-32). Let x be m(s). What is t(x)?
9
Let z(r) = r + 9. Let u(g) = -7*g**2 - 16*g + 14. Let t(o) = -o**2 + 1. Let h(x) = 6*t(x) - u(x). Let k be h(-16). What is z(k)?
1
Let y(d) = -3*d - 3. Let t(o) = 2. Let f(h) = 6*t(h) - y(h). Calculate f(-8).
-9
Suppose 13*f = 14*f + 9. Let k(u) = u + 17. Calculate k(f).
8
Let a(f) be the third derivative of -f**6/120 + f**5/10 - f**4/12 + f**3 + 74*f**2. Suppose -v = 2*v. Let w be (v - 6/3) + 8. Determine a(w).
-6
Let h(v) = -v**3 - 6*v**2 - 3*v - 6. Let y = 121 - 81. Let c = y + -46. Give h(c).
12
Let k(y) be the third derivative of -y**7/840 - y**6/360 - y**5/60 - 19*y**2. Let x(b) be the third derivative of k(b). Determine x(-2).
10
Let s(g) = -5*g**2 - 7*g + 18. Let n(f) = -2*f**2 - f + 1. Let a(y) = 2*n(y) - s(y). What is a(-7)?
-2
Let l(v) = v**3 - 2*v**2 + v + 1. Let w(n) = n - 1. Suppose -3*x = -5*k - 34, -2*x - 3*k - 5 = 4. Let c be w(x). Calculate l(c).
3
Let s(x) = -x**2 - 7*x + 6. Let v be s(-16). Let q = v - -139. Let h(l) = -12*l**2 + 2*l - 1. Determine h(q).
-11
Let m(g) = g - 22. Let o(w) = -w + 36. Let d(i) = 2*m(i) + o(i). Let k = -3 - -3. What is d(k)?
-8
Let w(m) = 3*m**3 + 4*m**2 - 3*m + 1. Let t be 2 + 1 + 1 + -2. Calculate w(t).
35
Let z(h) = h**3 + 6*h**2 - 8*h - 4. Let a(y) = y**2 + 8*y + 5. Let g be a(-6). Determine z(g).
3
Let k(h) = 5*h + 25. Let p(z) = 2*z + 12. Let l(a) = 3*k(a) - 7*p(a). Calculate l(5).
-4
Let v(j) = -j**2 + 6*j + 5. Let m be 208/36 + 1 - (-4)/18. What is v(m)?
-2
Let v(c) = 3*c**3 - c**2 - 2*c. Suppose -3*o = -t - 2*t, -t + 2 = 0. Calculate v(o).
16
Let p be -4 - (6 + 0 + -4). Let a = p + 12. Let h(k) = k**2 - 7*k + 8. Calculate h(a).
2
Let y(t) = 2*t - 2. Suppose 53*a + 46*a - 990 = 0. Determine y(a).
18
Let f(d) = d. Let a(o) be the second derivative of 7*o**3/6 - o. Suppose -h - 11 = -2*p - 7, 5*p - 19 = 4*h. Let r(j) = h*f(j) + a(j). Calculate r(6).
6
Let f(i) be the second derivative of -i**3/6 + i**2 + 56*i - 2. Let w(o) = o - 7. Let r be w(8). Determine f(r).
1
Let l be (-2)/(-5) + 144/(-60). Let o(s) = s**3 + 3*s**2 - 1. Give o(l).
3
Let s(h) = h**3 - 7*h**2 + h - 26. Let g(j) = j**3 - 7*j**2 - 26. Let v(t) = -4*g(t) + 5*s(t). Determine v(7).
9
Let q(v) be the second derivative of 5*v**3/6 + 43*v**2/2 - 5*v - 20. Give q(-11).
-12
Let d(x) = -6*x**3 + 7*x**2 - 17*x - 2. Let h(z) = 11*z**3 - 13*z**2 + 29*z + 3. Let s(m) = -7*d(m) - 4*h(m). What is s(3)?
-16
Let q(n) = 8*n. Suppose 20*f = -62 + 22. What is q(f)?
-16
Let g be 0/(-5) + (-6)/(-2). Let i(u) be the third derivative of 0*u + 0 + 2*u**2 + 1/3*u**3 + 1/120*u**6 - 1/6*u**4 - 1/30*u**5. Give i(g).
-1
Let o(x) = x**2 + 6*x + 4. Suppose -34 = 4*u - 3*m, -u + 2*m = 27 - 16. Determine o(u).
11
Let g(a) be the second derivative of -a**4/12 + a**3 - 2*a**2 + 153*a. Determine g(5).
1
Let x(h) be the third derivative of -h**6/120 - h**5/60 - h**4/8 + 3*h**3/2 + 4*h**2 + 9. Let f be x(0). Let m(k) = -k - 7. What is m(f)?
-16
Let p(y) be the first derivative of y**5/60 - 3*y**4/8 - y**3 - 3. Let k(q) be the third derivative of p(q). Suppose 23*w - 25 = 113. What is k(w)?
3
Let u(b) = -2*b**3 - 2*b - 1. Let i(k) = -k**3 + 19*k**2 - 18*k - 1. Let q be i(18). What is u(q)?
3
Let i(c) = -c**2 - 6*c + 20. Suppose -234*r - 360 = -198*r. What is i(r)?
-20
Let p(d) be the first derivative of -d**3 - 5*d**2/2 - 2*d - 206. What is p(-3)?
-14
Let b(l) = -171*l - 169*l + 504*l - 162*l. Determine b(6).
12
Let m(y) = y + 7. Let i(p) = p**2 + 3*p - 3. Let s be i(-4). Let a be (0 + (-1 - s))/(-1). Suppose -a = 3*n + 13. Calculate m(n).
2
Let c be (-351)/(-52) - (-6)/16*-2. Let v(x) = x**2 - 4*x - 3. Give v(c).
9
Let u(r) = 2*r - 15. Let a be u(10). Let t = 7 - a. Suppose 23 = -5*m - t*d, 2*d + 21 = -2*m + 7. Let v(h) = -h**2 - 4*h + 1. Determine v(m).
4
Let i(g) be the third derivative of -11*g**2 + 0 + 0*g + 1/2*g**3 - 1/12*g**4. Suppose 3*o - 14 = -4*o. Calculate i(o).
-1
Let t(d) = d**2 + 13*d + 12. Let j = -178 + 167. What is t(j)?
-10
Let c(t) = 255*t**2 + 33*t - 6. Let u(d) = 51*d**2 + 6*d - 1. Let n(j) = 2*c(j) - 11*u(j). Give n(-1).
-52
Suppose 0 = 4*z + 8, -10 = -4*f + z + 8. Suppose 0 = -f*p - 5 - 3. Let i(s) = -s**2 - s + 1. What is i(p)?
-1
Suppose 0 = 10*f - 257 - 43. Let j = 25 - f. Let u(o) = -o**2 - 5*o - 3. What is u(j)?
-3
Let f(i) = 20729 - 4*i**2 + 8*i + 3*i**2 - 20733. Give f(3).
11
Let k(x) = -x**3 + 7*x**